{"id":329,"date":"2022-09-07T05:23:59","date_gmt":"2022-09-07T05:23:59","guid":{"rendered":"https:\/\/developpement-personnel.davidmasset.fr\/accueil\/?page_id=329"},"modified":"2025-04-21T12:44:07","modified_gmt":"2025-04-21T12:44:07","slug":"home-2","status":"publish","type":"page","link":"https:\/\/developpement-personnel.davidmasset.fr\/accueil\/","title":{"rendered":"Accueil"},"content":{"rendered":"\t\t<div data-elementor-type=\"wp-page\" data-elementor-id=\"329\" class=\"elementor elementor-329\">\n\t\t\t\t\t\t<section class=\"elementor-section elementor-top-section elementor-element elementor-element-16d04fa elementor-section-boxed elementor-section-height-default elementor-section-height-default\" data-id=\"16d04fa\" data-element_type=\"section\" data-e-type=\"section\">\n\t\t\t\t\t\t<div class=\"elementor-container elementor-column-gap-default\">\n\t\t\t\t\t<div class=\"elementor-column elementor-col-100 elementor-top-column elementor-element elementor-element-00f9a72\" data-id=\"00f9a72\" data-element_type=\"column\" data-e-type=\"column\">\n\t\t\t<div class=\"elementor-widget-wrap elementor-element-populated\">\n\t\t\t\t\t\t<div class=\"elementor-element elementor-element-fe6c38c elementor-widget elementor-widget-image\" data-id=\"fe6c38c\" data-element_type=\"widget\" data-e-type=\"widget\" data-widget_type=\"image.default\">\n\t\t\t\t<div class=\"elementor-widget-container\">\n\t\t\t\t\t\t\t\t\t\t\t\t\t\t\t<img fetchpriority=\"high\" decoding=\"async\" width=\"1024\" height=\"576\" src=\"https:\/\/developpement-personnel.davidmasset.fr\/wp-content\/uploads\/2022\/09\/Banniere-YouTube-dAventures-en-mer-Personnelle-Bleue-1024x576.png\" class=\"attachment-large size-large wp-image-881\" alt=\"CABINET DE SOPHROLOGIE ET HYPNOSE\" srcset=\"https:\/\/developpement-personnel.davidmasset.fr\/wp-content\/uploads\/2022\/09\/Banniere-YouTube-dAventures-en-mer-Personnelle-Bleue-1024x576.png 1024w, https:\/\/developpement-personnel.davidmasset.fr\/wp-content\/uploads\/2022\/09\/Banniere-YouTube-dAventures-en-mer-Personnelle-Bleue-300x169.png 300w, https:\/\/developpement-personnel.davidmasset.fr\/wp-content\/uploads\/2022\/09\/Banniere-YouTube-dAventures-en-mer-Personnelle-Bleue-768x432.png 768w, https:\/\/developpement-personnel.davidmasset.fr\/wp-content\/uploads\/2022\/09\/Banniere-YouTube-dAventures-en-mer-Personnelle-Bleue-1536x864.png 1536w, https:\/\/developpement-personnel.davidmasset.fr\/wp-content\/uploads\/2022\/09\/Banniere-YouTube-dAventures-en-mer-Personnelle-Bleue-2048x1152.png 2048w\" sizes=\"(max-width: 1024px) 100vw, 1024px\" \/>\t\t\t\t\t\t\t\t\t\t\t\t\t\t\t<\/div>\n\t\t\t\t<\/div>\n\t\t\t\t\t<\/div>\n\t\t<\/div>\n\t\t\t\t\t<\/div>\n\t\t<\/section>\n\t\t\t\t<section class=\"elementor-section elementor-top-section elementor-element elementor-element-7537879 elementor-section-boxed elementor-section-height-default elementor-section-height-default\" data-id=\"7537879\" data-element_type=\"section\" data-e-type=\"section\">\n\t\t\t\t\t\t<div class=\"elementor-container elementor-column-gap-default\">\n\t\t\t\t\t<div class=\"elementor-column elementor-col-50 elementor-top-column elementor-element elementor-element-79b7a79 elementor-hidden-tablet elementor-hidden-mobile\" data-id=\"79b7a79\" data-element_type=\"column\" data-e-type=\"column\">\n\t\t\t<div class=\"elementor-widget-wrap elementor-element-populated\">\n\t\t\t\t\t\t<div class=\"elementor-element elementor-element-9f685a6 elementor-widget elementor-widget-image\" data-id=\"9f685a6\" data-element_type=\"widget\" data-e-type=\"widget\" data-widget_type=\"image.default\">\n\t\t\t\t<div class=\"elementor-widget-container\">\n\t\t\t\t\t\t\t\t\t\t\t\t\t\t\t<img decoding=\"async\" width=\"393\" height=\"282\" src=\"https:\/\/developpement-personnel.davidmasset.fr\/wp-content\/uploads\/2022\/09\/fiche-sophrologie.jpg\" class=\"attachment-full size-full wp-image-995\" alt=\"CABINET DE SOPHROLOGIE ET HYPNOSE\" srcset=\"https:\/\/developpement-personnel.davidmasset.fr\/wp-content\/uploads\/2022\/09\/fiche-sophrologie.jpg 393w, https:\/\/developpement-personnel.davidmasset.fr\/wp-content\/uploads\/2022\/09\/fiche-sophrologie-300x215.jpg 300w\" sizes=\"(max-width: 393px) 100vw, 393px\" \/>\t\t\t\t\t\t\t\t\t\t\t\t\t\t\t<\/div>\n\t\t\t\t<\/div>\n\t\t\t\t\t<\/div>\n\t\t<\/div>\n\t\t\t\t<div class=\"elementor-column elementor-col-50 elementor-top-column elementor-element elementor-element-400291d\" data-id=\"400291d\" data-element_type=\"column\" data-e-type=\"column\">\n\t\t\t<div class=\"elementor-widget-wrap elementor-element-populated\">\n\t\t\t\t\t\t<div class=\"elementor-element elementor-element-1d7f752 elementor-widget elementor-widget-text-editor\" data-id=\"1d7f752\" data-element_type=\"widget\" data-e-type=\"widget\" data-widget_type=\"text-editor.default\">\n\t\t\t\t<div class=\"elementor-widget-container\">\n\t\t\t\t\t\t\t\t\t<p>Je suis David Masset, sophrologue et hypnoth\u00e9rapeute. Je vous propose des s\u00e9ances individuelles et des ateliers de groupe, adapt\u00e9s \u00e0 vos besoins, pour am\u00e9liorer votre quotidien et votre bien \u00eatre.<\/p><p>Dans le cadre de mon activit\u00e9, <strong>j&rsquo;interviens \u00e9galement en milieu hospitalier, offrant un soutien aux patients<\/strong> rencontrant des difficult\u00e9s li\u00e9es aux addictions, au stress, ou aux troubles de la personnalit\u00e9.<\/p>\t\t\t\t\t\t\t\t<\/div>\n\t\t\t\t<\/div>\n\t\t\t\t\t<\/div>\n\t\t<\/div>\n\t\t\t\t\t<\/div>\n\t\t<\/section>\n\t\t\t\t<section class=\"elementor-section elementor-top-section elementor-element elementor-element-af7a1c0 elementor-section-boxed elementor-section-height-default elementor-section-height-default\" data-id=\"af7a1c0\" data-element_type=\"section\" data-e-type=\"section\">\n\t\t\t\t\t\t<div class=\"elementor-container elementor-column-gap-default\">\n\t\t\t\t\t<div class=\"elementor-column elementor-col-50 elementor-top-column elementor-element elementor-element-862db40\" data-id=\"862db40\" data-element_type=\"column\" data-e-type=\"column\">\n\t\t\t<div class=\"elementor-widget-wrap elementor-element-populated\">\n\t\t\t\t\t\t<div class=\"elementor-element elementor-element-b7e98a7 elementor-widget elementor-widget-text-editor\" data-id=\"b7e98a7\" data-element_type=\"widget\" data-e-type=\"widget\" data-widget_type=\"text-editor.default\">\n\t\t\t\t<div class=\"elementor-widget-container\">\n\t\t\t\t\t\t\t\t\t<p>La sophrologie et l&rsquo;hypnose sont des techniques puissantes de relaxation et de gestion du stress. Elles peuvent vous aider \u00e0 surmonter des probl\u00e9matiques telles que l&rsquo;anxi\u00e9t\u00e9, la d\u00e9pression, les troubles du sommeil, et la douleur chronique, tout en renfor\u00e7ant votre concentration et votre confiance en vous.<\/p><p>Mon approche vise \u00e0 favoriser un bien-\u00eatre global et \u00e0 vous aider \u00e0 d\u00e9velopper des ressources personnelles pour mieux relever les d\u00e9fis de la vie.<\/p>\t\t\t\t\t\t\t\t<\/div>\n\t\t\t\t<\/div>\n\t\t\t\t\t<\/div>\n\t\t<\/div>\n\t\t\t\t<div class=\"elementor-column elementor-col-50 elementor-top-column elementor-element elementor-element-c53daa1\" data-id=\"c53daa1\" data-element_type=\"column\" data-e-type=\"column\">\n\t\t\t<div class=\"elementor-widget-wrap elementor-element-populated\">\n\t\t\t\t\t\t<div class=\"elementor-element elementor-element-4ee094c elementor-widget elementor-widget-image\" data-id=\"4ee094c\" data-element_type=\"widget\" data-e-type=\"widget\" data-widget_type=\"image.default\">\n\t\t\t\t<div class=\"elementor-widget-container\">\n\t\t\t\t\t\t\t\t\t\t\t\t<figure class=\"wp-caption\">\n\t\t\t\t\t\t\t\t\t\t<img decoding=\"async\" width=\"1500\" height=\"1001\" src=\"https:\/\/developpement-personnel.davidmasset.fr\/wp-content\/uploads\/2022\/09\/12730950.webp\" class=\"attachment-full size-full wp-image-994\" alt=\"CABINET DE SOPHROLOGIE ET HYPNOSE\" srcset=\"https:\/\/developpement-personnel.davidmasset.fr\/wp-content\/uploads\/2022\/09\/12730950.webp 1500w, https:\/\/developpement-personnel.davidmasset.fr\/wp-content\/uploads\/2022\/09\/12730950-300x200.webp 300w, https:\/\/developpement-personnel.davidmasset.fr\/wp-content\/uploads\/2022\/09\/12730950-1024x683.webp 1024w, https:\/\/developpement-personnel.davidmasset.fr\/wp-content\/uploads\/2022\/09\/12730950-768x513.webp 768w\" sizes=\"(max-width: 1500px) 100vw, 1500px\" \/>\t\t\t\t\t\t\t\t\t\t\t<figcaption class=\"widget-image-caption wp-caption-text\">Ensemble, ouvrons la voie vers une vie plus \u00e9panouissante.<\/figcaption>\n\t\t\t\t\t\t\t\t\t\t<\/figure>\n\t\t\t\t\t\t\t\t\t<\/div>\n\t\t\t\t<\/div>\n\t\t\t\t\t<\/div>\n\t\t<\/div>\n\t\t\t\t\t<\/div>\n\t\t<\/section>\n\t\t\t\t<section class=\"elementor-section elementor-top-section elementor-element elementor-element-e224002 elementor-section-boxed elementor-section-height-default elementor-section-height-default\" data-id=\"e224002\" data-element_type=\"section\" data-e-type=\"section\">\n\t\t\t\t\t\t<div class=\"elementor-container elementor-column-gap-default\">\n\t\t\t\t\t<div class=\"elementor-column elementor-col-100 elementor-top-column elementor-element elementor-element-13adf5e\" data-id=\"13adf5e\" data-element_type=\"column\" data-e-type=\"column\">\n\t\t\t<div class=\"elementor-widget-wrap elementor-element-populated\">\n\t\t\t\t\t\t<div class=\"elementor-element elementor-element-9eba03e elementor-widget elementor-widget-heading\" data-id=\"9eba03e\" data-element_type=\"widget\" data-e-type=\"widget\" data-widget_type=\"heading.default\">\n\t\t\t\t<div class=\"elementor-widget-container\">\n\t\t\t\t\t<h2 class=\"elementor-heading-title elementor-size-default\"><a href=\"http:\/\/resalib.fr\/p\/47586\">Cliquez ici pour prendre rendez -vous directement en ligne sur R\u00e9salib <\/a><\/h2>\t\t\t\t<\/div>\n\t\t\t\t<\/div>\n\t\t\t\t\t<\/div>\n\t\t<\/div>\n\t\t\t\t\t<\/div>\n\t\t<\/section>\n\t\t\t\t<section class=\"elementor-section elementor-top-section elementor-element elementor-element-b9d6621 elementor-section-content-middle elementor-section-boxed elementor-section-height-default elementor-section-height-default\" data-id=\"b9d6621\" data-element_type=\"section\" data-e-type=\"section\">\n\t\t\t\t\t\t<div class=\"elementor-container elementor-column-gap-default\">\n\t\t\t\t\t<div class=\"elementor-column elementor-col-100 elementor-top-column elementor-element elementor-element-bfc782b\" data-id=\"bfc782b\" data-element_type=\"column\" data-e-type=\"column\">\n\t\t\t<div class=\"elementor-widget-wrap elementor-element-populated\">\n\t\t\t\t\t\t<div class=\"elementor-element elementor-element-4ced1aa elementor-widget__width-initial elementor-widget elementor-widget-heading\" data-id=\"4ced1aa\" data-element_type=\"widget\" data-e-type=\"widget\" data-widget_type=\"heading.default\">\n\t\t\t\t<div class=\"elementor-widget-container\">\n\t\t\t\t\t<h5 class=\"elementor-heading-title elementor-size-default\">David Masset : 06.62.50.93.08<\/h5>\t\t\t\t<\/div>\n\t\t\t\t<\/div>\n\t\t\t\t\t<\/div>\n\t\t<\/div>\n\t\t\t\t\t<\/div>\n\t\t<\/section>\n\t\t\t\t<section class=\"elementor-section elementor-top-section elementor-element elementor-element-b3152ec elementor-section-boxed elementor-section-height-default elementor-section-height-default\" data-id=\"b3152ec\" data-element_type=\"section\" data-e-type=\"section\">\n\t\t\t\t\t\t<div class=\"elementor-container elementor-column-gap-default\">\n\t\t\t\t\t<div class=\"elementor-column elementor-col-100 elementor-top-column elementor-element elementor-element-1bd2db8\" data-id=\"1bd2db8\" data-element_type=\"column\" data-e-type=\"column\">\n\t\t\t<div class=\"elementor-widget-wrap elementor-element-populated\">\n\t\t\t\t\t\t<div class=\"elementor-element elementor-element-677c77b elementor-widget elementor-widget-text-editor\" data-id=\"677c77b\" data-element_type=\"widget\" data-e-type=\"widget\" data-widget_type=\"text-editor.default\">\n\t\t\t\t<div class=\"elementor-widget-container\">\n\t\t\t\t\t\t\t\t\t<p>David Masset \u2013\u00a0<a href=\"https:\/\/kravmaga-coaching-sportif.davidmasset.fr\/\">kravmaga \u2013 Coaching sportif<\/a>\u00a0et\u00a0<a href=\"https:\/\/developpement-personnel.davidmasset.fr\/accueil\/\">d\u00e9veloppement personnel<\/a>\u00a0\u2013 Partenaires privil\u00e9gi\u00e9s :\u00a0<a href=\"https:\/\/www.benedictevoisin.com\/\">B\u00e9n\u00e9dicte Voisin<\/a>\u00a0<\/p>\t\t\t\t\t\t\t\t<\/div>\n\t\t\t\t<\/div>\n\t\t\t\t\t<\/div>\n\t\t<\/div>\n\t\t\t\t\t<\/div>\n\t\t<\/section>\n\t\t\t\t<\/div>\n\t\t","protected":false},"excerpt":{"rendered":"<p>Je suis David Masset, sophrologue et hypnoth\u00e9rapeute. Je vous propose des s\u00e9ances individuelles et des ateliers de groupe, adapt\u00e9s \u00e0 vos besoins, pour am\u00e9liorer votre quotidien et votre bien \u00eatre. Dans le cadre de mon activit\u00e9, j&rsquo;interviens \u00e9galement en milieu hospitalier, offrant un soutien aux patients rencontrant des difficult\u00e9s li\u00e9es aux addictions, au stress, ou [&hellip;]<\/p>\n","protected":false},"author":1,"featured_media":881,"parent":0,"menu_order":0,"comment_status":"closed","ping_status":"closed","template":"elementor_header_footer","meta":{"site-sidebar-layout":"default","site-content-layout":"","ast-site-content-layout":"","site-content-style":"default","site-sidebar-style":"default","ast-global-header-display":"","ast-banner-title-visibility":"","ast-main-header-display":"","ast-hfb-above-header-display":"","ast-hfb-below-header-display":"","ast-hfb-mobile-header-display":"","site-post-title":"","ast-breadcrumbs-content":"","ast-featured-img":"","footer-sml-layout":"","theme-transparent-header-meta":"","adv-header-id-meta":"","stick-header-meta":"","header-above-stick-meta":"","header-main-stick-meta":"","header-below-stick-meta":"","astra-migrate-meta-layouts":"default","ast-page-background-enabled":"default","ast-page-background-meta":{"desktop":{"background-color":"var(--ast-global-color-4)","background-image":"","background-repeat":"repeat","background-position":"center center","background-size":"auto","background-attachment":"scroll","background-type":"","background-media":"","overlay-type":"","overlay-color":"","overlay-opacity":"","overlay-gradient":""},"tablet":{"background-color":"","background-image":"","background-repeat":"repeat","background-position":"center center","background-size":"auto","background-attachment":"scroll","background-type":"","background-media":"","overlay-type":"","overlay-color":"","overlay-opacity":"","overlay-gradient":""},"mobile":{"background-color":"","background-image":"","background-repeat":"repeat","background-position":"center center","background-size":"auto","background-attachment":"scroll","background-type":"","background-media":"","overlay-type":"","overlay-color":"","overlay-opacity":"","overlay-gradient":""}},"ast-content-background-meta":{"desktop":{"background-color":"var(--ast-global-color-5)","background-image":"","background-repeat":"repeat","background-position":"center center","background-size":"auto","background-attachment":"scroll","background-type":"","background-media":"","overlay-type":"","overlay-color":"","overlay-opacity":"","overlay-gradient":""},"tablet":{"background-color":"var(--ast-global-color-5)","background-image":"","background-repeat":"repeat","background-position":"center center","background-size":"auto","background-attachment":"scroll","background-type":"","background-media":"","overlay-type":"","overlay-color":"","overlay-opacity":"","overlay-gradient":""},"mobile":{"background-color":"var(--ast-global-color-5)","background-image":"","background-repeat":"repeat","background-position":"center center","background-size":"auto","background-attachment":"scroll","background-type":"","background-media":"","overlay-type":"","overlay-color":"","overlay-opacity":"","overlay-gradient":""}},"footnotes":""},"class_list":["post-329","page","type-page","status-publish","has-post-thumbnail","hentry"],"aioseo_notices":[],"_links":{"self":[{"href":"https:\/\/developpement-personnel.davidmasset.fr\/accueil\/wp-json\/wp\/v2\/pages\/329","targetHints":{"allow":["GET"]}}],"collection":[{"href":"https:\/\/developpement-personnel.davidmasset.fr\/accueil\/wp-json\/wp\/v2\/pages"}],"about":[{"href":"https:\/\/developpement-personnel.davidmasset.fr\/accueil\/wp-json\/wp\/v2\/types\/page"}],"author":[{"embeddable":true,"href":"https:\/\/developpement-personnel.davidmasset.fr\/accueil\/wp-json\/wp\/v2\/users\/1"}],"replies":[{"embeddable":true,"href":"https:\/\/developpement-personnel.davidmasset.fr\/accueil\/wp-json\/wp\/v2\/comments?post=329"}],"version-history":[{"count":326,"href":"https:\/\/developpement-personnel.davidmasset.fr\/accueil\/wp-json\/wp\/v2\/pages\/329\/revisions"}],"predecessor-version":[{"id":1155,"href":"https:\/\/developpement-personnel.davidmasset.fr\/accueil\/wp-json\/wp\/v2\/pages\/329\/revisions\/1155"}],"wp:featuredmedia":[{"embeddable":true,"href":"https:\/\/developpement-personnel.davidmasset.fr\/accueil\/wp-json\/wp\/v2\/media\/881"}],"wp:attachment":[{"href":"https:\/\/developpement-personnel.davidmasset.fr\/accueil\/wp-json\/wp\/v2\/media?parent=329"}],"curies":[{"name":"wp","href":"https:\/\/api.w.org\/{rel}","templated":true}]}}